{"id":3927,"date":"2023-03-13T20:11:29","date_gmt":"2023-03-13T18:11:29","guid":{"rendered":"https:\/\/nordheimlauf.de\/?page_id=3927"},"modified":"2023-03-13T20:20:43","modified_gmt":"2023-03-13T18:20:43","slug":"vier-gewinnt-2023","status":"publish","type":"page","link":"https:\/\/nordheimlauf.de\/?page_id=3927","title":{"rendered":"Vier Gewinnt"},"content":{"rendered":"\n<p class=\"has-text-align-left has-medium-font-size\"><em>Gemeinde leben, Gemeinschaft st\u00e4rken, gemeinsam feiern, gemeinsam laufen!<br>Meldet euch an und seid als Verein\/Firma\/Mannschaft dabei!<\/em><\/p>\n\n\n\n<p class=\"has-text-align-left has-medium-font-size\"><br>Dieses Jahr laufen zus\u00e4tzlich zur regul\u00e4ren Einzelwertung alle Mannschaften ab vier<br>Personen unter der Wertung \u201cvier gewinnt\u201d und die schnellsten drei Viererteams werden<br>gesondert geehrt.<\/p>\n\n\n\n<p class=\"has-text-align-left has-medium-font-size\"><br>Dabei gibt es verschiedene Teamvarianten innerhalb eines Laufes:<br>\u25cf <strong>Variante 1: <\/strong>Jede Mannschaft, die sich mit vier Personen anmeldet, wird direkt als<br>Team gewertet.<br>\u25cf <strong>Variante 2:<\/strong> Bei mehr als vier Personen werden automatisch nach den schnellsten<br>Laufzeiten Viererteams ermittelt. So l\u00e4uft eine gesamte Mannschaft und das<br>schnellste Team wird nach der reinen Laufzeit ermittelt.<br>\u25cf <strong>Variante 3: <\/strong>Es ist eine vorherige Teameinteilung innerhalb einer Mannschaft m\u00f6glich.<br>So kann innerhalb einer Mannschaft Team A gegen Team B laufen und ein internes<br>Siegerteam ermittelt werden.<\/p>\n\n\n\n<p class=\"has-text-align-left has-medium-font-size\"><br>In allen Varianten k\u00f6nnen Teams als m, w oder mixed (m\/w) gewertet werden.<br>Bei der Anmeldung ist Folgendes zu beachten:<br>\u25cf <strong>Varianten 1 und 2: <\/strong>Es ist wichtig, dass der Mannschaftsname exakt gleich<br>eingegeben wird und sich nicht in Leerzeichen, Sonderzeichen oder Umlauten<br>unterscheidet. Bsp.: Schr\u00e4ge V\u00f6gel vs. Schr\u00e4geV\u00f6gel, Schraege Voegel, \u2026<br>\u25cf <strong>Variante 3: <\/strong>Wenn die Mannschaft Schr\u00e4ge V\u00f6gel aus 12 L\u00e4ufer*innen besteht,<br>k\u00f6nnen drei Viererteams gebildet werden. Hier muss dem Mannschaftsnamen ein<br>Teamk\u00fcrzel folgen. Auch dabei m\u00fcssen je Team der Mannschaftsname und das<br>K\u00fcrzel gleich eingegeben werden. Bsp.: Team 1 = Schr\u00e4ge V\u00f6gel 1, Team 2 =<br>Schr\u00e4ge V\u00f6gel 2, Team 3 = Schr\u00e4ge V\u00f6gel 3.<\/p>\n\n\n\n<p class=\"has-text-align-left has-medium-font-size\"><br>Alle Viererteams k\u00f6nnen nur innerhalb des 5km-Laufs ODER des 10km-Laufs gebildet<br>werden. Eine lauf\u00fcbergreifende Wertung ist nicht m\u00f6glich. Die Zeit jedes Teilnehmers wird unabh\u00e4ngig von der Teamwertung auch als Einzellauf gewertet.<\/p>\n\n\n\n<p class=\"has-text-align-left\"><\/p>\n","protected":false},"excerpt":{"rendered":"<p>Gemeinde leben, Gemeinschaft st\u00e4rken, gemeinsam feiern, gemeinsam laufen!Meldet euch an und seid als Verein\/Firma\/Mannschaft dabei! Dieses Jahr laufen zus\u00e4tzlich zur regul\u00e4ren Einzelwertung [&hellip;]<\/p>\n","protected":false},"author":2,"featured_media":0,"parent":0,"menu_order":0,"comment_status":"closed","ping_status":"closed","template":"","meta":{"footnotes":""},"class_list":["post-3927","page","type-page","status-publish","hentry"],"_links":{"self":[{"href":"https:\/\/nordheimlauf.de\/index.php?rest_route=\/wp\/v2\/pages\/3927","targetHints":{"allow":["GET"]}}],"collection":[{"href":"https:\/\/nordheimlauf.de\/index.php?rest_route=\/wp\/v2\/pages"}],"about":[{"href":"https:\/\/nordheimlauf.de\/index.php?rest_route=\/wp\/v2\/types\/page"}],"author":[{"embeddable":true,"href":"https:\/\/nordheimlauf.de\/index.php?rest_route=\/wp\/v2\/users\/2"}],"replies":[{"embeddable":true,"href":"https:\/\/nordheimlauf.de\/index.php?rest_route=%2Fwp%2Fv2%2Fcomments&post=3927"}],"version-history":[{"count":4,"href":"https:\/\/nordheimlauf.de\/index.php?rest_route=\/wp\/v2\/pages\/3927\/revisions"}],"predecessor-version":[{"id":3939,"href":"https:\/\/nordheimlauf.de\/index.php?rest_route=\/wp\/v2\/pages\/3927\/revisions\/3939"}],"wp:attachment":[{"href":"https:\/\/nordheimlauf.de\/index.php?rest_route=%2Fwp%2Fv2%2Fmedia&parent=3927"}],"curies":[{"name":"wp","href":"https:\/\/api.w.org\/{rel}","templated":true}]}}